q**3 - 58*q**2 - 57*q. Give c(-1).
44
Let h(b) = 2*b**3 + 14*b**2 - 30*b - 182. Give h(-7).
28
Let k(y) = y**3 - 2*y**2 - 16*y - 2. Determine k(-4).
-34
Let o(l) = 87*l + 22132. Give o(-254).
34
Let y(w) = 3*w**2 - 2*w - 9. Give y(-2).
7
Let j(t) = 21*t + 730. Determine j(-35).
-5
Let d(q) = -569*q**2 + 2*q + 5. Calculate d(0).
5
Let x(d) = -d**2 + 641*d + 11197. Determine x(-17).
11
Let m(q) = -q**2 + 7*q - 40. Determine m(20).
-300
Let b(j) = 3*j**2 + 666*j - 663. What is b(1)?
6
Let k(d) = 3*d**3 - 9*d**2 + 3*d + 3. What is k(3)?
12
Let j(n) = -n**3 + 30*n + 2. What is j(-5)?
-23
Let h(j) = -88*j + 441. What is h(10)?
-439
Let x(l) = l**2 + 14*l - 490. Determine x(-30).
-10
Let k(i) = -74*i + 443. Determine k(6).
-1
Let g(m) = -m**3 - 10*m**2 - 23*m - 10. Determine g(-8).
46
Let r(l) = 41*l - 296. Determine r(7).
-9
Let c(k) = -k**3 - 23*k**2 - 47*k - 544. What is c(-22)?
6
Let l(i) = -9*i**3 + 10*i**2 + 25*i + 57. Determine l(-4).
693
Let y(v) = v**2 - 29*v - 8. Determine y(9).
-188
Let f(m) = 4*m**3 - 10*m**2 + 2*m - 7. What is f(3)?
17
Let g(m) = 39*m**2 - 496*m - 3. Calculate g(13).
140
Let m(d) = 38*d - 410. Determine m(11).
8
Let l(s) = 17*s - 145. Calculate l(4).
-77
Let s(a) = -22*a - 385. Calculate s(-19).
33
Let k(x) = -5*x**2 - 339*x + 396. Give k(-69).
-18
Let i(y) = -10*y**3 + 59*y**2 - 47*y - 112. What is i(4)?
4
Let s(u) = -425*u - 4310. What is s(-10)?
-60
Let o(n) = 4*n + 53. Give o(-10).
13
Let h(u) = -u**2 - 5*u + 391. Calculate h(-22).
17
Let m(v) = -4*v**2 + 34*v - 84. Give m(4).
-12
Let l(n) = 50*n - 456. Calculate l(9).
-6
Let s(d) = 252*d - 761. Calculate s(3).
-5
Let m(w) = -2*w**2 - 13*w + 107. Determine m(-11).
8
Let p(t) = 3181*t + 12728. Calculate p(-4).
4
Let d(y) = y**3 - 13*y**2 - 3*y + 188. Give d(12).
8
Let x(w) = -5*w**3 - 712*w**2 - 326*w - 5965. Calculate x(-142).
-1
Let a(x) = -1750*x + 8767. Determine a(5).
17
Let c(f) = -5*f**2 - 11*f + 438. Determine c(0).
438
Let g(d) = -9183*d - 36724. Determine g(-4).
8
Let c(u) = -18589*u + 18587. Calculate c(1).
-2
Let i(z) = -104*z - 31928. What is i(-307)?
0
Let d(y) = -y**3 + 7*y**2 + 23. What is d(8)?
-41
Let z(g) = -g**3 + 6*g**2 + 46*g - 133. Give z(13).
-718
Let u(d) = 22*d**2 + 262*d + 13. What is u(0)?
13
Let w(d) = -7*d**2 + 9*d + 19. Give w(4).
-57
Let l(g) = g - 58. What is l(43)?
-15
Let k(x) = -x**2 + 27*x + 220. Give k(-7).
-18
Let l(y) = -387*y + 2847. What is l(8)?
-249
Let z(s) = 5*s**3 + 10*s**2 + 23*s - 15. Give z(-6).
-873
Let w(f) = -f**3 + 18*f**2 + 27*f - 14. What is w(20)?
-274
Let m(o) = 5*o**3 + 34*o**2 - 43*o + 10. Give m(1).
6
Let t(q) = -4*q**2 - 225*q - 1025. What is t(-5)?
0
Let y(n) = 12*n**2 - 85*n - 9. Calculate y(7).
-16
Let t(z) = -z**3 - 6*z**2 - 569*z - 3421. Give t(-6).
-7
Let k(q) = 6*q**2 - 67*q + 133. What is k(9)?
16
Let s(b) = 8*b + 350. Calculate s(-32).
94
Let h(f) = -f**3 + 10*f**2 - 30*f + 71. Determine h(7).
8
Let n(l) = -l**2 - 51*l + 37. Give n(-52).
-15
Let y(g) = -g**3 + 54*g**2 - 325*g + 213. Determine y(6).
-9
Let t(u) = 530*u + 3149. Determine t(-6).
-31
Let s(l) = l**3 + 9*l**2 - 66*l - 545. Calculate s(-10).
15
Let m(d) = -d**3 + 56*d - 51. Give m(8).
-115
Let j(x) = -x**3 - 14*x**2 + 13*x + 183. What is j(-14)?
1
Let u(m) = -3*m + 175. Calculate u(29).
88
Let z(r) = 2*r**2 - 268*r + 1607. What is z(6)?
71
Let z(f) = 1250*f - 8597. What is z(7)?
153
Let f(j) = 31*j + 285. Calculate f(-10).
-25
Let h(v) = -112*v**2 - 1015*v - 52. What is h(-9)?
11
Let r(v) = v**2 + 402*v + 21893. Give r(-65).
-12
Let i(k) = k**3 + 3*k**2 - 47*k - 127. What is i(-8)?
-71
Let r(w) = 47*w - 1520. Calculate r(38).
266
Let h(i) = -11*i + 395. Calculate h(42).
-67
Let g(d) = 65*d - 1590. Determine g(22).
-160
Let y(q) = -63*q + 3310. What is y(52)?
34
Let c(j) = -3*j**2 + 32*j + 109. Determine c(-3).
-14
Let i(g) = -13*g**3 + 19*g**2 - 11*g + 11. Determine i(1).
6
Let n(q) = 2*q + 55. What is n(7)?
69
Let v(y) = -y**3 + 11*y**2 + 53*y + 92. Calculate v(15).
-13
Let f(s) = -11*s**2 - 79*s - 62. Calculate f(-6).
16
Let z(t) = t**2 + 129*t + 2901. Calculate z(-29).
1
Let g(w) = 2*w**2 - 123*w + 463. Determine g(57).
-50
Let o(b) = -72*b - 21. Calculate o(-1).
51
Let c(h) = 63*h**3 + 2*h**2 + 5*h + 3. Determine c(-1).
-63
Let b(t) = -134*t - 1718. Calculate b(-13).
24
Let y(s) = s**3 + 53*s**2 + 97*s - 121. Give y(-51).
134
Let l(m) = -m**2 + 4*m + 490. What is l(-20)?
10
Let a(t) = 20*t**3 - 3*t**2 - t. Determine a(-1).
-22
Let v(w) = 2*w**3 + 18*w**2 - 23*w - 5. Determine v(-10).
25
Let b(q) = q**2 - 87*q - 3206. Determine b(-28).
14
Let v(a) = a**2 - 47*a + 543. Calculate v(29).
21
Let w(v) = -5*v**2 - 34*v - 84. What is w(-12)?
-396
Let p(h) = -366*h**2 - 3*h - 2. Give p(-1).
-365
Let d(f) = 143*f - 1621. Calculate d(11).
-48
Let f(a) = -28*a**2 + 2*a + 5. Calculate f(-2).
-111
Let k(p) = -3*p**2 - 194*p + 385. What is k(2)?
-15
Let b(n) = n**3 + 13*n**2 + 46*n + 77. Determine b(-9).
-13
Let x(t) = t**3 - 40*t**2 + 147*t - 124. Give x(36).
-16
Let p(z) = 4*z**2 - 33*z + 253. What is p(11)?
374
Let j(l) = 4*l**3 - 14*l**2 - 2*l + 8. Determine j(3).
-16
Let z(q) = -29246*q + 87736. Calculate z(3).
-2
Let f(i) = -42*i + 375. Give f(9).
-3
Let a(g) = g**3 - 76*g**2 + 662*g - 15. Determine a(10).
5
Let w(u) = 5*u**2 - 10*u + 8. What is w(4)?
48
Let l(d) = -36*d + 40. What is l(6)?
-176
Let m(w) = -2*w**2 + 17*w + 1412. Calculate m(31).
17
Let b(x) = -2*x**2 - 218*x - 3807. Determine b(-87).
21
Let u(q) = -2*q**2 - 46*q + 90. Give u(-27).
-126
Let o(y) = -11*y**3 - 2*y**2 - 8*y + 10. Determine o(3).
-329
Let a(j) = -j**3 - 23*j**2 - 7*j + 116. Give a(-23).
277
Let n(h) = -284*h - 5687. Give n(-20).
-7
Let l(x) = 65*x - 53. Determine l(0).
-53
Let h(f) = -f**2 + 28*f - 50. Calculate h(21).
97
Let k(n) = -6*n**2 + 101*n - 296. Determine k(13).
3
Let c(z) = 5*z**2 + 12*z + 88. Calculate c(12).
952
Let q(f) = -126*f - 194. Give q(0).
-194
Let s(d) = -5*d**2 + 210*d - 10. What is s(37)?
915
Let k(g) = -31*g - 17. Give k(-4).
107
Let w(p) = -277*p + 3895. What is w(14)?
17
Let z(t) = -9*t**3 - 106*t**2 + 21*t - 29. What is z(-12)?
7
Let a(j) = j**3 + 8*j**2 + 11*j + 13. What is a(-5)?
33
Let a(i) = -2*i**3 - 67*i**2 - 554*i + 24. What is a(-15)?
9
Let v(o) = -2*o**3 - 46*o**2 - 87*o - 33. Calculate v(-21).
30
Let m(l) = -2*l**3 + 6*l**2 - l + 332. Determine m(0).
332
Let j(r) = 3*r**2 - 32*r + 285. What is j(13)?
376
Let h(y) = y**3 - 9*y**2 - 94*y + 823. Calculate h(8).
7
Let f(i) = i**2 + 44*i - 718. Give f(-56).
-46
Let i(k) = 18*k**2 + 106*k - 149. Calculate i(-7).
-9
Let s(f) = -69*f**2 + 3*f + 4. What is s(-2)?
-278
Let d(m) = -m**3 + 26*m**2 + 53*m + 88. Calculate d(28).
4
Let t(x) = -10*x**2 + 154*x - 625. Determine t(4).
-169
Let t(z) = 33*z**2 + 265*z. Give t(-8).
-8
Let o(t) = -66*t + 2895. Determine o(44).
-9
Let r(m) = 185*m**3 + 2*m**2 + 42*m + 39. Determine r(-1).
-186
Let x(b) = -20*b + 12. What is x(5)?
-88
Let h(d) = -d**2 - 20*d + 948. Give h(-42).
24
Let a(u) = 82*u**2 + 28*u - 1. Calculate a(-1).
53
Let y(p) = p**3 - 28*p**2 - 35*p + 153. Calculate y(29).
-21
Let k(a) = 9*a**2 + 16*a + 31. Determine k(-6).
259
Let x(u) = 2*u**3 - 115*u**2 - 54*u - 123. Determine x(58).
109
Let a(f) = 2*f**3 - 59*f**2 - 89*f - 106. Determine a(31).
18
Let o(k) = k**2 - 282*k + 2489. Give o(9).
32
Let y(j) = -32*j + 313. Calculate y(8).
57
Let b(x) = -x**3 + 29*x**2 + 253*x - 79. Determine b(36).
-43
Let f(m) = -m**3 + 14*m**2 - 3*m + 57. Give f(14).
15
Let z(r) = -2933*r - 149578. Calculate z(-51).
5
Let o(f) = -f**2 + 2093*f + 14646. Give o(-7).
-54
Let n(t) = 18*t + 71. Give n(-3).
17
Let v(b) = b**2 + 26*b - 28. Determine v(-27).
-1
Let l(k) = -12*k**2 + 38*k + 111. Give l(5).
1
Let r(d) = -d - 92. Calculate r(7).
-99
Let n(j) = -j**2 - 1215*j - 4857. Give n(-4).
-13
Let o(a) = 23*a + 262. Give o(-13).
-37
Let u(o) = -o**2 - 9*o - 47. Give u(13).
-333
Let f(a) = -1320*a - 6607. Give f(-5).
-7
Let a(f) = f**3 - 7*f**2 - 99*f - 13. Give a(15).
302
Let a(p) = 2*p**2 - 119*p + 11. Calculate a(0).
11
Let t(z) = -z**3 + 41*z**2 - 377*z - 338. Calculate t(26).
0
Let b(a) = -2*a**3 + 18*a**2 + 139*a + 1. Give b(-5).
6
Let p(y) = 2876*y - 23017. What is p(8)?
-9
Let p(t) = -49*t + 357. Give p(8).
-35
Let f(k) = 1648*k - 1643. Give f(1).
